{"id":622,"date":"2024-11-20T15:24:45","date_gmt":"2024-11-20T15:24:45","guid":{"rendered":"https:\/\/dev.co-pain.com.es\/?page_id=622"},"modified":"2025-01-21T15:01:41","modified_gmt":"2025-01-21T15:01:41","slug":"focaccia","status":"publish","type":"page","link":"https:\/\/www.co-pain.com.es\/index.php\/fr\/decouvrez-nos-produits\/focaccia\/","title":{"rendered":""},"content":{"rendered":"\n<p class=\"has-text-align-center has-medium-font-size\">Nos focaccias sont livr\u00e9es surgel\u00e9es et pr\u00e9-cuites \u00e0 100%.<br><\/p>\n\n\n\n<div class=\"wp-block-columns is-layout-flex wp-container-core-columns-is-layout-28f84493 wp-block-columns-is-layout-flex\">\n<div class=\"wp-block-column is-layout-flow wp-block-column-is-layout-flow\">\n<figure class=\"wp-block-image size-large\"><img loading=\"lazy\" decoding=\"async\" width=\"1024\" height=\"683\" src=\"https:\/\/dev.co-pain.com.es\/wp-content\/uploads\/2024\/11\/IMG_0304-1024x683.jpeg\" alt=\"\" class=\"wp-image-340\" srcset=\"https:\/\/www.co-pain.com.es\/wp-content\/uploads\/2024\/11\/IMG_0304-1024x683.jpeg 1024w, https:\/\/www.co-pain.com.es\/wp-content\/uploads\/2024\/11\/IMG_0304-300x200.jpeg 300w, https:\/\/www.co-pain.com.es\/wp-content\/uploads\/2024\/11\/IMG_0304-2000x1334.jpeg 2000w\" sizes=\"auto, (max-width: 1024px) 100vw, 1024px\" \/><figcaption class=\"wp-element-caption\">FOCACCIA TOMATE \u2014 700 GRAMMES<\/figcaption><\/figure>\n<\/div>\n\n\n\n<div class=\"wp-block-column is-layout-flow wp-block-column-is-layout-flow\">\n<figure class=\"wp-block-image size-large\"><img loading=\"lazy\" decoding=\"async\" width=\"1024\" height=\"683\" src=\"https:\/\/dev.co-pain.com.es\/wp-content\/uploads\/2024\/12\/7H6A7135-1024x683.jpg\" alt=\"\" class=\"wp-image-731\" srcset=\"https:\/\/www.co-pain.com.es\/wp-content\/uploads\/2024\/12\/7H6A7135-1024x683.jpg 1024w, https:\/\/www.co-pain.com.es\/wp-content\/uploads\/2024\/12\/7H6A7135-300x200.jpg 300w, https:\/\/www.co-pain.com.es\/wp-content\/uploads\/2024\/12\/7H6A7135-2000x1334.jpg 2000w\" sizes=\"auto, (max-width: 1024px) 100vw, 1024px\" \/><figcaption class=\"wp-element-caption\">FOCACCIA NATURELLE \u2014 700 GRAMMES<\/figcaption><\/figure>\n<\/div>\n<\/div>\n\n\n\n<div style=\"height:100px\" aria-hidden=\"true\" class=\"wp-block-spacer\"><\/div>\n\n\n\n<p><\/p>\n","protected":false},"excerpt":{"rendered":"<p>Nos focaccias sont livr\u00e9es surgel\u00e9es et pr\u00e9-cuites \u00e0 100%.<\/p>\n","protected":false},"author":1,"featured_media":0,"parent":480,"menu_order":0,"comment_status":"closed","ping_status":"closed","template":"","meta":{"om_disable_all_campaigns":false,"_monsterinsights_skip_tracking":false,"_monsterinsights_sitenote_active":false,"_monsterinsights_sitenote_note":"","_monsterinsights_sitenote_category":0,"_uf_show_specific_survey":0,"_uf_disable_surveys":false,"inspiro_hide_title":false,"footnotes":""},"class_list":["post-622","page","type-page","status-publish","hentry"],"aioseo_notices":[],"_links":{"self":[{"href":"https:\/\/www.co-pain.com.es\/index.php\/wp-json\/wp\/v2\/pages\/622","targetHints":{"allow":["GET"]}}],"collection":[{"href":"https:\/\/www.co-pain.com.es\/index.php\/wp-json\/wp\/v2\/pages"}],"about":[{"href":"https:\/\/www.co-pain.com.es\/index.php\/wp-json\/wp\/v2\/types\/page"}],"author":[{"embeddable":true,"href":"https:\/\/www.co-pain.com.es\/index.php\/wp-json\/wp\/v2\/users\/1"}],"replies":[{"embeddable":true,"href":"https:\/\/www.co-pain.com.es\/index.php\/wp-json\/wp\/v2\/comments?post=622"}],"version-history":[{"count":4,"href":"https:\/\/www.co-pain.com.es\/index.php\/wp-json\/wp\/v2\/pages\/622\/revisions"}],"predecessor-version":[{"id":1006,"href":"https:\/\/www.co-pain.com.es\/index.php\/wp-json\/wp\/v2\/pages\/622\/revisions\/1006"}],"up":[{"embeddable":true,"href":"https:\/\/www.co-pain.com.es\/index.php\/wp-json\/wp\/v2\/pages\/480"}],"wp:attachment":[{"href":"https:\/\/www.co-pain.com.es\/index.php\/wp-json\/wp\/v2\/media?parent=622"}],"curies":[{"name":"wp","href":"https:\/\/api.w.org\/{rel}","templated":true}]}}