{"id":434,"date":"2024-11-05T20:48:56","date_gmt":"2024-11-05T20:48:56","guid":{"rendered":"https:\/\/dev.co-pain.com.es\/?page_id=434"},"modified":"2025-10-15T07:26:32","modified_gmt":"2025-10-15T07:26:32","slug":"a-propos","status":"publish","type":"page","link":"https:\/\/www.co-pain.com.es\/index.php\/fr\/a-propos\/","title":{"rendered":"A PROPOS"},"content":{"rendered":"\n<div class=\"wp-block-media-text is-stacked-on-mobile\" style=\"grid-template-columns:44% auto\"><figure class=\"wp-block-media-text__media\"><img decoding=\"async\" src=\"https:\/\/dev.co-pain.com.es\/wp-content\/uploads\/2024\/12\/7H6A6922.jpg\" alt=\"\" class=\"wp-image-768 size-full\"\/><\/figure><div class=\"wp-block-media-text__content\">\n<h2 class=\"wp-block-heading\">NOTRE HISTOIRE<\/h2>\n\n\n\n<p>Fond\u00e9e en janvier 2019, Co-Pain s\u2019est impos\u00e9e comme un pilier dans l\u2019industrie du pain artisanal. \u00c9tablie sur l\u2019\u00eele de Majorque, l\u2019entreprise incarne un profond engagement envers <strong>la qualit\u00e9, la tradition et la durabilit\u00e9<\/strong>. Malgr\u00e9 les d\u00e9fis pos\u00e9s par la pand\u00e9mie de COVID-19, Co-Pain non seulement a surv\u00e9cu, mais a prosp\u00e9r\u00e9, s\u2019imposant comme un <strong>partenaire<\/strong> de <strong>confiance<\/strong> pour les h\u00f4tels de luxe et les restaurants gastronomiques.<\/p>\n\n\n\n<hr class=\"wp-block-separator has-alpha-channel-opacity\"\/>\n\n\n\n<p>La philosophie de Co-Pain repose sur des proc\u00e9d\u00e9s artisanaux, l\u2019utilisation de <strong>farine biologique<\/strong> et une <strong>production locale, <\/strong>mettant en avant des <strong>techniques traditionnelles<\/strong> telles que la fermentation longue au levain naturel.<\/p>\n\n\n\n<hr class=\"wp-block-separator has-alpha-channel-opacity\"\/>\n\n\n\n<p>Le parcours de Co-Pain est un v\u00e9ritable t\u00e9moignage de son <strong>engagement ind\u00e9fectible envers l\u2019excellence<\/strong>, faisant d\u2019elle le fournisseur de <strong>r\u00e9f\u00e9rence<\/strong> pour ceux qui exigent ce qu\u2019il y a de meilleur en mati\u00e8re de pain artisanal.<\/p>\n<\/div><\/div>\n\n\n\n<div style=\"height:100px\" aria-hidden=\"true\" class=\"wp-block-spacer\"><\/div>\n\n\n\n<hr class=\"wp-block-separator has-alpha-channel-opacity\"\/>\n\n\n\n<div style=\"height:100px\" aria-hidden=\"true\" class=\"wp-block-spacer\"><\/div>\n\n\n\n<div class=\"wp-block-columns is-layout-flex wp-container-core-columns-is-layout-28f84493 wp-block-columns-is-layout-flex\">\n<div class=\"wp-block-column is-vertically-aligned-center is-layout-flow wp-block-column-is-layout-flow\">\n<h2 class=\"wp-block-heading\">NOS R\u00c9F\u00c9RENCES<\/h2>\n\n\n\n<p>Aujourd\u2019hui, Co-Pain dessert une client\u00e8le exclusive de 120 \u00e9tablissements, parmi lesquels des noms prestigieux tels que l\u2019H\u00f4tel Can Ferrereta, l\u2019H\u00f4tel Four Seasons, l\u2019H\u00f4tel Finca Son Bunyola, l\u2019H\u00f4tel Can Alomar, l\u2019H\u00f4tel Cort, Fosh Catering, Grupo Chiringo, Grupo Ferrer Enjoy, Grupo Ombu, Grupo Vandal, Grupo Merchant, Badal Corner, entre autres.<br><\/p>\n\n\n\n<hr class=\"wp-block-separator has-alpha-channel-opacity\"\/>\n\n\n\n<p>Avec une empreinte en pleine expansion, l\u2019entreprise s\u2019est \u00e9tendue au-del\u00e0 de Majorque vers les \u00eeles voisines de Minorque et d\u2019Ibiza, renfor\u00e7ant ainsi sa pr\u00e9sence dans les \u00eeles Bal\u00e9ares.<\/p>\n<\/div>\n\n\n\n<div class=\"wp-block-column is-layout-flow wp-block-column-is-layout-flow\">\n<figure class=\"wp-block-gallery has-nested-images columns-2 is-cropped wp-block-gallery-1 is-layout-flex wp-block-gallery-is-layout-flex\" style=\"border-radius:0px\">\n<figure class=\"wp-block-image size-large\"><img loading=\"lazy\" decoding=\"async\" width=\"1024\" height=\"768\" data-id=\"753\" src=\"https:\/\/dev.co-pain.com.es\/wp-content\/uploads\/2024\/12\/IMG_0490-1024x768.jpeg\" alt=\"\" class=\"wp-image-753\" srcset=\"https:\/\/www.co-pain.com.es\/wp-content\/uploads\/2024\/12\/IMG_0490-1024x768.jpeg 1024w, https:\/\/www.co-pain.com.es\/wp-content\/uploads\/2024\/12\/IMG_0490-300x225.jpeg 300w, https:\/\/www.co-pain.com.es\/wp-content\/uploads\/2024\/12\/IMG_0490.jpeg 1600w\" sizes=\"auto, (max-width: 1024px) 100vw, 1024px\" \/><\/figure>\n\n\n\n<figure class=\"wp-block-image size-large\"><img loading=\"lazy\" decoding=\"async\" width=\"1024\" height=\"694\" data-id=\"747\" src=\"https:\/\/dev.co-pain.com.es\/wp-content\/uploads\/2024\/12\/IMG_0488-1024x694.png\" alt=\"\" class=\"wp-image-747\" srcset=\"https:\/\/www.co-pain.com.es\/wp-content\/uploads\/2024\/12\/IMG_0488-1024x694.png 1024w, https:\/\/www.co-pain.com.es\/wp-content\/uploads\/2024\/12\/IMG_0488-300x203.png 300w, https:\/\/www.co-pain.com.es\/wp-content\/uploads\/2024\/12\/IMG_0488.png 1180w\" sizes=\"auto, (max-width: 1024px) 100vw, 1024px\" \/><\/figure>\n\n\n\n<figure class=\"wp-block-image size-large\"><img loading=\"lazy\" decoding=\"async\" width=\"1067\" height=\"711\" data-id=\"784\" src=\"https:\/\/dev.co-pain.com.es\/wp-content\/uploads\/2024\/12\/IMG_0489-edited-1.jpeg\" alt=\"\" class=\"wp-image-784\" srcset=\"https:\/\/www.co-pain.com.es\/wp-content\/uploads\/2024\/12\/IMG_0489-edited-1.jpeg 1067w, https:\/\/www.co-pain.com.es\/wp-content\/uploads\/2024\/12\/IMG_0489-edited-1-300x200.jpeg 300w, https:\/\/www.co-pain.com.es\/wp-content\/uploads\/2024\/12\/IMG_0489-edited-1-1024x682.jpeg 1024w\" sizes=\"auto, (max-width: 1067px) 100vw, 1067px\" \/><\/figure>\n\n\n\n<figure class=\"wp-block-image size-large\"><img loading=\"lazy\" decoding=\"async\" width=\"1024\" height=\"682\" data-id=\"743\" src=\"https:\/\/dev.co-pain.com.es\/wp-content\/uploads\/2024\/12\/IMG_0486-1-1024x682.jpeg\" alt=\"\" class=\"wp-image-743\" srcset=\"https:\/\/www.co-pain.com.es\/wp-content\/uploads\/2024\/12\/IMG_0486-1-1024x682.jpeg 1024w, https:\/\/www.co-pain.com.es\/wp-content\/uploads\/2024\/12\/IMG_0486-1-300x200.jpeg 300w, https:\/\/www.co-pain.com.es\/wp-content\/uploads\/2024\/12\/IMG_0486-1.jpeg 1100w\" sizes=\"auto, (max-width: 1024px) 100vw, 1024px\" \/><\/figure>\n\n\n\n<figure class=\"wp-block-image size-large\"><img loading=\"lazy\" decoding=\"async\" width=\"1072\" height=\"715\" data-id=\"785\" src=\"https:\/\/dev.co-pain.com.es\/wp-content\/uploads\/2024\/12\/IMG_0485-1-edited-1.jpeg\" alt=\"\" class=\"wp-image-785\" srcset=\"https:\/\/www.co-pain.com.es\/wp-content\/uploads\/2024\/12\/IMG_0485-1-edited-1.jpeg 1072w, https:\/\/www.co-pain.com.es\/wp-content\/uploads\/2024\/12\/IMG_0485-1-edited-1-300x200.jpeg 300w, https:\/\/www.co-pain.com.es\/wp-content\/uploads\/2024\/12\/IMG_0485-1-edited-1-1024x683.jpeg 1024w\" sizes=\"auto, (max-width: 1072px) 100vw, 1072px\" \/><\/figure>\n\n\n\n<figure class=\"wp-block-image size-large\"><img loading=\"lazy\" decoding=\"async\" width=\"1024\" height=\"767\" data-id=\"746\" src=\"https:\/\/dev.co-pain.com.es\/wp-content\/uploads\/2024\/12\/IMG_0487.jpeg\" alt=\"\" class=\"wp-image-746\" srcset=\"https:\/\/www.co-pain.com.es\/wp-content\/uploads\/2024\/12\/IMG_0487.jpeg 1024w, https:\/\/www.co-pain.com.es\/wp-content\/uploads\/2024\/12\/IMG_0487-300x225.jpeg 300w\" sizes=\"auto, (max-width: 1024px) 100vw, 1024px\" \/><\/figure>\n<\/figure>\n<\/div>\n<\/div>\n\n\n\n<div class=\"wp-block-columns is-layout-flex wp-container-core-columns-is-layout-28f84493 wp-block-columns-is-layout-flex\">\n<div class=\"wp-block-column is-layout-flow wp-block-column-is-layout-flow\" style=\"flex-basis:100%\">\n<div style=\"height:56px\" aria-hidden=\"true\" class=\"wp-block-spacer\"><\/div>\n<\/div>\n<\/div>\n\n\n\n<hr class=\"wp-block-separator has-alpha-channel-opacity\"\/>\n\n\n\n<div style=\"height:58px\" aria-hidden=\"true\" class=\"wp-block-spacer\"><\/div>\n\n\n\n<h2 class=\"wp-block-heading has-text-align-center\">NOS VALEURS<\/h2>\n\n\n\n<div style=\"height:35px\" aria-hidden=\"true\" class=\"wp-block-spacer\"><\/div>\n\n\n\n<figure class=\"wp-block-image size-full\"><img loading=\"lazy\" decoding=\"async\" width=\"1655\" height=\"573\" src=\"https:\/\/dev.co-pain.com.es\/wp-content\/uploads\/2024\/12\/IMG_0496.jpeg\" alt=\"\" class=\"wp-image-795\" srcset=\"https:\/\/www.co-pain.com.es\/wp-content\/uploads\/2024\/12\/IMG_0496.jpeg 1655w, https:\/\/www.co-pain.com.es\/wp-content\/uploads\/2024\/12\/IMG_0496-300x104.jpeg 300w, https:\/\/www.co-pain.com.es\/wp-content\/uploads\/2024\/12\/IMG_0496-1024x355.jpeg 1024w\" sizes=\"auto, (max-width: 1655px) 100vw, 1655px\" \/><\/figure>\n\n\n\n<div class=\"wp-block-columns is-layout-flex wp-container-core-columns-is-layout-28f84493 wp-block-columns-is-layout-flex\">\n<div class=\"wp-block-column is-layout-flow wp-block-column-is-layout-flow\">\n<p><strong>SANT\u00c9<\/strong><\/p>\n\n\n\n<p>Notre priorit\u00e9 : offrir un pain sain et nutritif.<\/p>\n\n\n\n<p>Cela commence par un strict respect des contr\u00f4les qualit\u00e9, depuis la plantation des graines jusqu\u2019\u00e0 la cuisson finale. Nos farines sont issues de l\u2019agriculture biologique, moulues sur meule de pierre, et stock\u00e9es dans des silos ventil\u00e9s, sans aucun pesticide.<\/p>\n\n\n\n<p>Pour leur fabrication, nous utilisons un levain naturel vivant, rafra\u00eechi quotidiennement. Ce levain, combin\u00e9 \u00e0 une fermentation lente, permet d\u2019obtenir un pain d\u2019excellence, faible en gluten, riche en nutriments vivants et b\u00e9n\u00e9fique pour la sant\u00e9. La cuisson est r\u00e9alis\u00e9e avec soin dans des fours \u00e0 sole en pierre, garantissant un produit authentique et savoureux.<\/p>\n<\/div>\n\n\n\n<div class=\"wp-block-column is-layout-flow wp-block-column-is-layout-flow\">\n<p><strong>HAUTE COUTURE<\/strong><\/p>\n\n\n\n<p>Notre m\u00e9tier va au-del\u00e0 du savoir-faire artisanal : nous le consid\u00e9rons comme de la haute couture appliqu\u00e9e \u00e0 la boulangerie. <\/p>\n\n\n\n<p>Chaque recette est pens\u00e9e, cr\u00e9\u00e9e, mesur\u00e9e, ajust\u00e9e et fa\u00e7onn\u00e9e pour offrir des produits sur mesure, uniques en saveur, couleur et forme. Ce souci du d\u00e9tail nous permet \u00e9galement de proposer \u00e0 nos clients les plus exigeants des cr\u00e9ations exclusives, parfaitement adapt\u00e9es \u00e0 leur marque et \u00e0 leur identit\u00e9.<\/p>\n\n\n\n<p><\/p>\n<\/div>\n\n\n\n<div class=\"wp-block-column is-layout-flow wp-block-column-is-layout-flow\">\n<p><strong>FABRIQU\u00c9 \u00c0 MAJORQUE<\/strong><\/p>\n\n\n\n<p>Comme la plupart de nos clients, nous croyons fermement que privil\u00e9gier les circuits courts est essentiel pour r\u00e9duire notre impact environnemental. Consommer local est une exigence croissante, particuli\u00e8rement pour les \u00e9tablissements haut de gamme tels que les h\u00f4tels et restaurants, dont la client\u00e8le est de plus en plus sensible aux questions \u00e9cologiques.<\/p>\n\n\n\n<p class=\"has-text-align-left\">Nous nous engageons \u00e0 \u00eatre un fournisseur local artisanal, capable de r\u00e9pondre aux besoins des professionnels en alliant une capacit\u00e9 de production \u00e9lev\u00e9e et une distribution optimale.<\/p>\n<\/div>\n<\/div>\n\n\n\n<div style=\"height:100px\" aria-hidden=\"true\" class=\"wp-block-spacer\"><\/div>\n\n\n\n<p><\/p>\n\n\n\n<p><\/p>\n","protected":false},"excerpt":{"rendered":"<p>NOS R\u00c9F\u00c9RENCES Aujourd\u2019hui, Co-Pain dessert une client\u00e8le exclusive de 120 \u00e9tablissements, parmi lesquels des noms prestigieux tels que l\u2019H\u00f4tel Can Ferrereta, l\u2019H\u00f4tel Four Seasons, l\u2019H\u00f4tel Finca Son Bunyola, l\u2019H\u00f4tel Can Alomar, l\u2019H\u00f4tel Cort, Fosh Catering, Grupo Chiringo, Grupo Ferrer Enjoy, Grupo Ombu, Grupo Vandal, Grupo Merchant, Badal Corner, entre autres. Avec une empreinte en pleine &hellip; <\/p>\n<p class=\"link-more\"><a href=\"https:\/\/www.co-pain.com.es\/index.php\/fr\/a-propos\/\" class=\"more-link\">Read more<span class=\"screen-reader-text\"> &#8220;A PROPOS&#8221;<\/span><\/a><\/p>\n","protected":false},"author":1,"featured_media":0,"parent":0,"menu_order":0,"comment_status":"closed","ping_status":"closed","template":"","meta":{"om_disable_all_campaigns":false,"_monsterinsights_skip_tracking":false,"_monsterinsights_sitenote_active":false,"_monsterinsights_sitenote_note":"","_monsterinsights_sitenote_category":0,"_uf_show_specific_survey":0,"_uf_disable_surveys":false,"inspiro_hide_title":false,"footnotes":""},"class_list":["post-434","page","type-page","status-publish","hentry"],"aioseo_notices":[],"_links":{"self":[{"href":"https:\/\/www.co-pain.com.es\/index.php\/wp-json\/wp\/v2\/pages\/434","targetHints":{"allow":["GET"]}}],"collection":[{"href":"https:\/\/www.co-pain.com.es\/index.php\/wp-json\/wp\/v2\/pages"}],"about":[{"href":"https:\/\/www.co-pain.com.es\/index.php\/wp-json\/wp\/v2\/types\/page"}],"author":[{"embeddable":true,"href":"https:\/\/www.co-pain.com.es\/index.php\/wp-json\/wp\/v2\/users\/1"}],"replies":[{"embeddable":true,"href":"https:\/\/www.co-pain.com.es\/index.php\/wp-json\/wp\/v2\/comments?post=434"}],"version-history":[{"count":30,"href":"https:\/\/www.co-pain.com.es\/index.php\/wp-json\/wp\/v2\/pages\/434\/revisions"}],"predecessor-version":[{"id":1079,"href":"https:\/\/www.co-pain.com.es\/index.php\/wp-json\/wp\/v2\/pages\/434\/revisions\/1079"}],"wp:attachment":[{"href":"https:\/\/www.co-pain.com.es\/index.php\/wp-json\/wp\/v2\/media?parent=434"}],"curies":[{"name":"wp","href":"https:\/\/api.w.org\/{rel}","templated":true}]}}